{"id":3573,"date":"2018-06-21T09:03:01","date_gmt":"2018-06-21T09:03:01","guid":{"rendered":"http:\/\/dalia.elated-themes.com\/?page_id=3573"},"modified":"2020-10-31T15:26:04","modified_gmt":"2020-10-31T15:26:04","slug":"booking-form","status":"publish","type":"page","link":"http:\/\/perfect-cosmetic-hamburg.com\/?page_id=3573","title":{"rendered":"\u00dcber Uns"},"content":{"rendered":"<p>[vc_row row_content_width=&#8220;grid&#8220; css=&#8220;.vc_custom_1604156927556{padding-top: 57px !important;}&#8220;][vc_column width=&#8220;1\/2&#8243;]<div class=\"eltdf-elements-holder   eltdf-one-column  eltdf-responsive-mode-768 eltdf-one-column-alignment-center\" ><div class=\"eltdf-eh-item    \"  data-item-class=\"eltdf-eh-custom-7977\" data-1367-1600=\"15.5% 12% 15.5% 14%\" data-1025-1366=\"15.5% 12% 15.5% 14%\" data-769-1024=\"12% 0% 0% 0%\" data-681-768=\"5% 0% 0% 0%\" data-680=\"28% 0 0 0\">\n\t<div class=\"eltdf-eh-item-inner\">\n\t\t<div class=\"eltdf-eh-item-content eltdf-eh-custom-7977\" style=\"padding: 13% 20% 13% 6%\">\n\t\t\t<div class=\"eltdf-image-gallery  eltdf-ig-slider-type eltdf-three-columns eltdf-no-space   eltdf-image-behavior-custom-link eltdf-bullets-center eltdf-has-border\">\n\t<div class=\"eltdf-ig-slider eltdf-owl-slider\" data-number-of-items=\"1\" data-enable-loop=\"yes\" data-enable-autoplay=\"yes\" data-slider-speed=\"5000\" data-slider-speed-animation=\"600\" data-slider-padding=\"no\" data-enable-navigation=\"yes\" data-enable-pagination=\"yes\">\n\t\t\t\t\t<div class=\"eltdf-ig-image\">\n\t\t\t\t\t\t\t\t\t<img loading=\"lazy\" decoding=\"async\" src=\"http:\/\/perfect-cosmetic-hamburg.com\/wp-content\/uploads\/2020\/10\/317989c1-5254-4934-baea-1e5fe66b27c2-400x500.jpg\" alt=\"\" width=\"400\" height=\"500\" \/>\t\t\t\t\t\t\t\t\t<\/a>\n\t\t\t\t\t\t\t<\/div>\n\t\t\t<\/div>\n<\/div>\t\t<\/div>\n\t<\/div>\n<\/div><\/div>[\/vc_column][vc_column width=&#8220;1\/2&#8243; css=&#8220;.vc_custom_1586676579849{margin-left: 0px !important;padding-left: 0pc !important;}&#8220;]<div class=\"eltdf-elements-holder   eltdf-one-column  eltdf-responsive-mode-768 \" ><div class=\"eltdf-eh-item    \"  data-item-class=\"eltdf-eh-custom-7758\" data-1367-1600=\"66px 19% 76px\" data-1025-1366=\"66px 19% 76px\" data-769-1024=\"68px 9% 76px\" data-681-768=\"65px 11% 76px\" data-680=\"72px 0% 76px\">\n\t<div class=\"eltdf-eh-item-inner\">\n\t\t<div class=\"eltdf-eh-item-content eltdf-eh-custom-7758\" style=\"padding: 14% 30% 0 0\">\n\t\t\t<div class=\"eltdf-section-title-holder  eltdf-st-standard eltdf-st-title-left  eltdf-animated-tagline\" >\n\t<div class=\"eltdf-st-inner\">\n\t\t\t\t\t<span class=\"eltdf-st-tagline\" >\n\t\t\t\t\u00dcber uns\t\t\t<\/span>\n\t\t\t\t\t\t\t<h2 class=\"eltdf-st-title\" style=\"color: #191919\">\n\t\t\t\tUnser Studio\t\t\t<\/h2>\n\t\t\t\t\t\t\t<p class=\"eltdf-st-text\" >\n\t\t\t\tImmer gehen wir gerne auf die individuellen Bed\u00fcrfnisse unserer Kunden ein, und garantieren Ihnen hochwertige Kosmetikbehandlungen mit mehrj\u00e4hriger profesioneller Erfahrung.\nAuch bei den von uns verwendeten Kosmetik-Produkten d\u00fcrfen Sie sich auf Qualit\u00e4t verlassen. Wir setzen hochwertige<br \/>\nProdukte der Traditionsmarken BAEHR, AESTHETICO, Dr. Schrammek u.w. ein, von denen einige seit \u00fcber 60 Jahren zu den f\u00fchrenden Anbietern von Kosmetik- und Fu\u00dfpflege-Einrichtungen auf dem deutschen Markt z\u00e4hlen.\t\t\t<\/p>\n\t\t\t<\/div>\n<\/div>\t\t<\/div>\n\t<\/div>\n<\/div><\/div>[\/vc_column][\/vc_row][vc_row content_text_aligment=&#8220;center&#8220; css=&#8220;.vc_custom_1604157864353{margin-top: 0px !important;border-top-width: 0px !important;padding-top: 0px !important;padding-right: 15px !important;padding-bottom: 200px !important;padding-left: 15px !important;}&#8220;][vc_column]<div class=\"eltdf-elements-holder   eltdf-one-column  eltdf-responsive-mode-768 \" ><div class=\"eltdf-eh-item    \" style=\"background-image: url()\" data-item-class=\"eltdf-eh-custom-3335\" data-769-1024=\"100px 0% 100px 0%\" data-681-768=\"380px 0% 190px\" data-680=\"380px 0% 190px\">\n\t<div class=\"eltdf-eh-item-inner\">\n\t\t<div class=\"eltdf-eh-item-content eltdf-eh-custom-3335\" style=\"padding: 0px 10% 0px 10%\">\n\t\t\t[vc_media_grid element_width=&#8220;3&#8243; gap=&#8220;15&#8243; initial_loading_animation=&#8220;pulse&#8220; grid_id=&#8220;vc_gid:1604157806747-6b07a491-5950-6&#8243; include=&#8220;6519,6557,5487,6039,6514,6515,6516,6517,5406,6518,6520,6521,6551,6552,5491,6553,6554,6555,6558,6559&#8243;]\t\t<\/div>\n\t<\/div>\n<\/div><\/div>[\/vc_column][\/vc_row]<\/p>\n","protected":false},"excerpt":{"rendered":"<p>[vc_row row_content_width=&#8220;grid&#8220; css=&#8220;.vc_custom_1604156927556{padding-top: 57px !important;}&#8220;][vc_column width=&#8220;1\/2&#8243;][\/vc_column][vc_column width=&#8220;1\/2&#8243; css=&#8220;.vc_custom_1586676579849{margin-left: 0px !important;padding-left: 0pc !important;}&#8220;][\/vc_column][\/vc_row][vc_row content_text_aligment=&#8220;center&#8220; css=&#8220;.vc_custom_1604157864353{margin-top: 0px !important;border-top-width: 0px !important;padding-top: 0px !important;padding-right: 15px !important;padding-bottom: 200px !important;padding-left: 15px !important;}&#8220;][vc_column][\/vc_column][\/vc_row]<\/p>\n","protected":false},"author":1,"featured_media":0,"parent":0,"menu_order":0,"comment_status":"closed","ping_status":"closed","template":"full-width.php","meta":{"_monsterinsights_skip_tracking":false,"_monsterinsights_sitenote_active":false,"_monsterinsights_sitenote_note":"","_monsterinsights_sitenote_category":0,"footnotes":""},"class_list":["post-3573","page","type-page","status-publish","hentry"],"_links":{"self":[{"href":"http:\/\/perfect-cosmetic-hamburg.com\/index.php?rest_route=\/wp\/v2\/pages\/3573","targetHints":{"allow":["GET"]}}],"collection":[{"href":"http:\/\/perfect-cosmetic-hamburg.com\/index.php?rest_route=\/wp\/v2\/pages"}],"about":[{"href":"http:\/\/perfect-cosmetic-hamburg.com\/index.php?rest_route=\/wp\/v2\/types\/page"}],"author":[{"embeddable":true,"href":"http:\/\/perfect-cosmetic-hamburg.com\/index.php?rest_route=\/wp\/v2\/users\/1"}],"replies":[{"embeddable":true,"href":"http:\/\/perfect-cosmetic-hamburg.com\/index.php?rest_route=%2Fwp%2Fv2%2Fcomments&post=3573"}],"version-history":[{"count":147,"href":"http:\/\/perfect-cosmetic-hamburg.com\/index.php?rest_route=\/wp\/v2\/pages\/3573\/revisions"}],"predecessor-version":[{"id":6604,"href":"http:\/\/perfect-cosmetic-hamburg.com\/index.php?rest_route=\/wp\/v2\/pages\/3573\/revisions\/6604"}],"wp:attachment":[{"href":"http:\/\/perfect-cosmetic-hamburg.com\/index.php?rest_route=%2Fwp%2Fv2%2Fmedia&parent=3573"}],"curies":[{"name":"wp","href":"https:\/\/api.w.org\/{rel}","templated":true}]}}